{"id":337,"date":"2026-04-14T09:24:52","date_gmt":"2026-04-14T09:24:52","guid":{"rendered":"https:\/\/johnnyhumbertosuarez.fpcei.eu\/?page_id=337"},"modified":"2026-04-20T16:51:06","modified_gmt":"2026-04-20T16:51:06","slug":"inicio","status":"publish","type":"page","link":"https:\/\/johnnyhumbertosuarez.fpcei.eu\/","title":{"rendered":""},"content":{"rendered":"\n<p><\/p>\n\n\n\n<p><\/p>\n\n\n\n<div class=\"wp-block-group alignfull has-global-padding is-layout-constrained wp-block-group-is-layout-constrained\"><\/div>\n\n\n\n<p class=\"has-text-align-center\">Inicio<\/p>\n\n\n\n<p><strong>Descubre la musica que define generaciones<\/strong><\/p>\n\n\n\n<p>Bienvenido a Sound Archive<br><br>Tu lugar para descubrir, disfrutar y conocer la m\u00fasica en todas sus formas.<br>Desde artistas legendarios hasta los lanzamientos m\u00e1s recientes, aqu\u00ed encontrar\u00e1s todo lo que necesitas para mantenerte al d\u00eda con el mundo musical.<\/p>\n\n\n\n<figure class=\"wp-block-image size-full\"><img loading=\"lazy\" decoding=\"async\" width=\"735\" height=\"490\" src=\"https:\/\/johnnyhumbertosuarez.fpcei.eu\/wp-content\/uploads\/2026\/03\/image-1.jpeg\" alt=\"\" class=\"wp-image-235\" srcset=\"https:\/\/johnnyhumbertosuarez.fpcei.eu\/wp-content\/uploads\/2026\/03\/image-1.jpeg 735w, https:\/\/johnnyhumbertosuarez.fpcei.eu\/wp-content\/uploads\/2026\/03\/image-1-300x200.jpeg 300w\" sizes=\"auto, (max-width: 735px) 100vw, 735px\" \/><\/figure>\n\n\n\n<p>encontrar\u00e1s temas cada semana sobre los albums mas destacados de la semana<br>como ejemplo:<br><br>Artista destacado: Arctic Monkeys<br>Explora su discograf\u00eda, conoce su historia y descubre por qu\u00e9 sigue siendo una de las bandas m\u00e1s influyentes del indie rock.<br><br>\u00c1lbum recomendado: AM<br>Un disco que redefini\u00f3 el sonido de la banda y marc\u00f3 una era dentro del rock alternativo.<br><br>Canci\u00f3n del momento: Do I Wanna Know?<br>Cancion que no puede faltar en tu lista<\/p>\n\n\n\n<div class=\"wp-block-cover alignwide\"><img loading=\"lazy\" decoding=\"async\" width=\"640\" height=\"475\" class=\"wp-block-cover__image-background wp-image-236\" alt=\"\" src=\"https:\/\/johnnyhumbertosuarez.fpcei.eu\/wp-content\/uploads\/2026\/03\/image-2.jpeg\" data-object-fit=\"cover\" srcset=\"https:\/\/johnnyhumbertosuarez.fpcei.eu\/wp-content\/uploads\/2026\/03\/image-2.jpeg 640w, https:\/\/johnnyhumbertosuarez.fpcei.eu\/wp-content\/uploads\/2026\/03\/image-2-300x223.jpeg 300w\" sizes=\"auto, (max-width: 640px) 100vw, 640px\" \/><span aria-hidden=\"true\" class=\"wp-block-cover__background has-background-dim\"><\/span><div class=\"wp-block-cover__inner-container is-layout-flow wp-block-cover-is-layout-flow\">\n<p class=\"has-text-align-center has-large-font-size\">explora por todo tipo de generos desde:<\/p>\n\n\n\n<p>-Rock<\/p>\n\n\n\n<p>-Pop<\/p>\n\n\n\n<p>-Hip-hop\/rap<\/p>\n\n\n\n<p>-Reggaeton<\/p>\n\n\n\n<p>-Electronica<\/p>\n\n\n\n<p>Entre otros muchos generos m\u00e1s!<\/p>\n<\/div><\/div>\n\n\n\n<figure class=\"wp-block-image alignleft size-full is-resized\"><img loading=\"lazy\" decoding=\"async\" width=\"600\" height=\"600\" src=\"https:\/\/johnnyhumbertosuarez.fpcei.eu\/wp-content\/uploads\/2026\/03\/image-3.jpeg\" alt=\"\" class=\"wp-image-238\" style=\"width:226px;height:auto\" srcset=\"https:\/\/johnnyhumbertosuarez.fpcei.eu\/wp-content\/uploads\/2026\/03\/image-3.jpeg 600w, https:\/\/johnnyhumbertosuarez.fpcei.eu\/wp-content\/uploads\/2026\/03\/image-3-300x300.jpeg 300w, https:\/\/johnnyhumbertosuarez.fpcei.eu\/wp-content\/uploads\/2026\/03\/image-3-150x150.jpeg 150w\" sizes=\"auto, (max-width: 600px) 100vw, 600px\" \/><\/figure>\n\n\n\n<p class=\"has-text-align-center\">Sound archive<br>Tambi\u00e9n podras encontrarte con algunas curiosidades muy interesantes y el porqu\u00e9 de todas ellas.<\/p>\n\n\n\n<p>Nuestras Redes sociales:<\/p>\n\n\n\n<ul class=\"wp-block-social-links is-layout-flex wp-block-social-links-is-layout-flex\"><li class=\"wp-social-link wp-social-link-youtube  wp-block-social-link\"><a href=\"https:\/\/youtube.com\/@soundeffectsla?si=8JpcU4XRad6VWIOR\" class=\"wp-block-social-link-anchor\"><svg width=\"24\" height=\"24\" viewBox=\"0 0 24 24\" version=\"1.1\" xmlns=\"http:\/\/www.w3.org\/2000\/svg\" aria-hidden=\"true\" focusable=\"false\"><path d=\"M21.8,8.001c0,0-0.195-1.378-0.795-1.985c-0.76-0.797-1.613-0.801-2.004-0.847c-2.799-0.202-6.997-0.202-6.997-0.202 h-0.009c0,0-4.198,0-6.997,0.202C4.608,5.216,3.756,5.22,2.995,6.016C2.395,6.623,2.2,8.001,2.2,8.001S2,9.62,2,11.238v1.517 c0,1.618,0.2,3.237,0.2,3.237s0.195,1.378,0.795,1.985c0.761,0.797,1.76,0.771,2.205,0.855c1.6,0.153,6.8,0.201,6.8,0.201 s4.203-0.006,7.001-0.209c0.391-0.047,1.243-0.051,2.004-0.847c0.6-0.607,0.795-1.985,0.795-1.985s0.2-1.618,0.2-3.237v-1.517 C22,9.62,21.8,8.001,21.8,8.001z M9.935,14.594l-0.001-5.62l5.404,2.82L9.935,14.594z\"><\/path><\/svg><span class=\"wp-block-social-link-label screen-reader-text\">YouTube<\/span><\/a><\/li><\/ul>\n\n\n\n<ul class=\"wp-block-social-links is-layout-flex wp-block-social-links-is-layout-flex\"><li class=\"wp-social-link wp-social-link-spotify  wp-block-social-link\"><a href=\"https:\/\/open.spotify.com\/intl-es\/album\/5cxMa6oLINJzmZ8lF7wWQN?highlight=spotify:track:6QFCMUUq1T2Vf5sFUXcuQ7\" class=\"wp-block-social-link-anchor\"><svg width=\"24\" height=\"24\" viewBox=\"0 0 24 24\" version=\"1.1\" xmlns=\"http:\/\/www.w3.org\/2000\/svg\" aria-hidden=\"true\" focusable=\"false\"><path d=\"M12,2C6.477,2,2,6.477,2,12c0,5.523,4.477,10,10,10c5.523,0,10-4.477,10-10C22,6.477,17.523,2,12,2 M16.586,16.424 c-0.18,0.295-0.563,0.387-0.857,0.207c-2.348-1.435-5.304-1.76-8.785-0.964c-0.335,0.077-0.67-0.133-0.746-0.469 c-0.077-0.335,0.132-0.67,0.469-0.746c3.809-0.871,7.077-0.496,9.713,1.115C16.673,15.746,16.766,16.13,16.586,16.424 M17.81,13.7 c-0.226,0.367-0.706,0.482-1.072,0.257c-2.687-1.652-6.785-2.131-9.965-1.166C6.36,12.917,5.925,12.684,5.8,12.273 C5.675,11.86,5.908,11.425,6.32,11.3c3.632-1.102,8.147-0.568,11.234,1.328C17.92,12.854,18.035,13.335,17.81,13.7 M17.915,10.865 c-3.223-1.914-8.54-2.09-11.618-1.156C5.804,9.859,5.281,9.58,5.131,9.086C4.982,8.591,5.26,8.069,5.755,7.919 c3.532-1.072,9.404-0.865,13.115,1.338c0.445,0.264,0.59,0.838,0.327,1.282C18.933,10.983,18.359,11.129,17.915,10.865\"><\/path><\/svg><span class=\"wp-block-social-link-label screen-reader-text\">Spotify<\/span><\/a><\/li>\n\n<li class=\"wp-social-link wp-social-link-tiktok  wp-block-social-link\"><a href=\"https:\/\/www.tiktok.com\/es-419\/\" class=\"wp-block-social-link-anchor\"><svg width=\"24\" height=\"24\" viewBox=\"0 0 32 32\" version=\"1.1\" xmlns=\"http:\/\/www.w3.org\/2000\/svg\" aria-hidden=\"true\" focusable=\"false\"><path d=\"M16.708 0.027c1.745-0.027 3.48-0.011 5.213-0.027 0.105 2.041 0.839 4.12 2.333 5.563 1.491 1.479 3.6 2.156 5.652 2.385v5.369c-1.923-0.063-3.855-0.463-5.6-1.291-0.76-0.344-1.468-0.787-2.161-1.24-0.009 3.896 0.016 7.787-0.025 11.667-0.104 1.864-0.719 3.719-1.803 5.255-1.744 2.557-4.771 4.224-7.88 4.276-1.907 0.109-3.812-0.411-5.437-1.369-2.693-1.588-4.588-4.495-4.864-7.615-0.032-0.667-0.043-1.333-0.016-1.984 0.24-2.537 1.495-4.964 3.443-6.615 2.208-1.923 5.301-2.839 8.197-2.297 0.027 1.975-0.052 3.948-0.052 5.923-1.323-0.428-2.869-0.308-4.025 0.495-0.844 0.547-1.485 1.385-1.819 2.333-0.276 0.676-0.197 1.427-0.181 2.145 0.317 2.188 2.421 4.027 4.667 3.828 1.489-0.016 2.916-0.88 3.692-2.145 0.251-0.443 0.532-0.896 0.547-1.417 0.131-2.385 0.079-4.76 0.095-7.145 0.011-5.375-0.016-10.735 0.025-16.093z\" \/><\/svg><span class=\"wp-block-social-link-label screen-reader-text\">TikTok<\/span><\/a><\/li><\/ul>\n\n\n\n<p><\/p>\n","protected":false},"excerpt":{"rendered":"<p>Inicio Descubre la musica que define generaciones Bienvenido a Sound Archive Tu lugar para descubrir, disfrutar y conocer la m\u00fasica en todas sus formas.Desde artistas legendarios hasta los lanzamientos m\u00e1s recientes, aqu\u00ed encontrar\u00e1s todo lo que necesitas para mantenerte al d\u00eda con el mundo musical. encontrar\u00e1s temas cada semana sobre los albums mas destacados de [&hellip;]<\/p>\n","protected":false},"author":2,"featured_media":0,"parent":0,"menu_order":0,"comment_status":"closed","ping_status":"closed","template":"","meta":{"footnotes":""},"class_list":["post-337","page","type-page","status-publish","hentry"],"_links":{"self":[{"href":"https:\/\/johnnyhumbertosuarez.fpcei.eu\/index.php?rest_route=\/wp\/v2\/pages\/337","targetHints":{"allow":["GET"]}}],"collection":[{"href":"https:\/\/johnnyhumbertosuarez.fpcei.eu\/index.php?rest_route=\/wp\/v2\/pages"}],"about":[{"href":"https:\/\/johnnyhumbertosuarez.fpcei.eu\/index.php?rest_route=\/wp\/v2\/types\/page"}],"author":[{"embeddable":true,"href":"https:\/\/johnnyhumbertosuarez.fpcei.eu\/index.php?rest_route=\/wp\/v2\/users\/2"}],"replies":[{"embeddable":true,"href":"https:\/\/johnnyhumbertosuarez.fpcei.eu\/index.php?rest_route=%2Fwp%2Fv2%2Fcomments&post=337"}],"version-history":[{"count":11,"href":"https:\/\/johnnyhumbertosuarez.fpcei.eu\/index.php?rest_route=\/wp\/v2\/pages\/337\/revisions"}],"predecessor-version":[{"id":359,"href":"https:\/\/johnnyhumbertosuarez.fpcei.eu\/index.php?rest_route=\/wp\/v2\/pages\/337\/revisions\/359"}],"wp:attachment":[{"href":"https:\/\/johnnyhumbertosuarez.fpcei.eu\/index.php?rest_route=%2Fwp%2Fv2%2Fmedia&parent=337"}],"curies":[{"name":"wp","href":"https:\/\/api.w.org\/{rel}","templated":true}]}}